{"id":106,"date":"2014-04-11T12:14:22","date_gmt":"2014-04-11T12:14:22","guid":{"rendered":"http:\/\/demo.themegrill.com\/spacious-pro\/?page_id=106"},"modified":"2025-10-01T16:02:19","modified_gmt":"2025-10-01T14:02:19","slug":"partners","status":"publish","type":"page","link":"https:\/\/intairactions.com\/index.php\/partners\/","title":{"rendered":"Connections &#038; Certificates"},"content":{"rendered":"\n<div class=\"wp-block-columns alignfull is-layout-flex wp-container-core-columns-is-layout-9d6595d7 wp-block-columns-is-layout-flex\">\n<div class=\"wp-block-column is-layout-flow wp-block-column-is-layout-flow\" style=\"flex-basis:24%\">\n<h2 class=\"wp-block-heading\"><\/h2>\n<\/div>\n\n\n\n<div class=\"wp-block-column is-layout-flow wp-block-column-is-layout-flow\" style=\"flex-basis:70%\">\n<p class=\"has-very-dark-gray-color has-text-color\" style=\"font-size:28px\"><strong>Partners<\/strong> <\/p>\n\n\n\n<p class=\"has-very-dark-gray-color has-text-color has-medium-font-size\"><span style=\"background-color:rgba(0, 0, 0, 0)\" class=\"has-inline-color has-very-dark-gray-color\"><strong>Working together to shape the future growth of a safe and sustainable aviation maintenance industry. <\/strong><\/span><\/p>\n<\/div>\n<\/div>\n\n\n\n<div class=\"wp-block-media-text alignwide is-stacked-on-mobile is-vertically-aligned-center\" style=\"grid-template-columns:62% auto\"><figure class=\"wp-block-media-text__media\"><img loading=\"lazy\" decoding=\"async\" width=\"700\" height=\"170\" src=\"https:\/\/intairactions.com\/wp-content\/uploads\/2020\/05\/international-partnership-700x170-1.jpg\" alt=\"\" class=\"wp-image-1372 size-full\" srcset=\"https:\/\/intairactions.com\/wp-content\/uploads\/2020\/05\/international-partnership-700x170-1.jpg 700w, https:\/\/intairactions.com\/wp-content\/uploads\/2020\/05\/international-partnership-700x170-1-600x146.jpg 600w, https:\/\/intairactions.com\/wp-content\/uploads\/2020\/05\/international-partnership-700x170-1-300x73.jpg 300w\" sizes=\"auto, (max-width: 700px) 100vw, 700px\" \/><\/figure><div class=\"wp-block-media-text__content\">\n<p class=\"has-text-align-left\" style=\"font-size:18px\"><span style=\"background-color:rgba(0, 0, 0, 0)\" class=\"has-inline-color has-vivid-cyan-blue-color\"><strong>IntAIRactions cooperates with international actors and partners to promote the use of EASA standards in aviation maintenance<\/strong><\/span>.<\/p>\n<\/div><\/div>\n\n\n\n<div class=\"wp-block-group alignfull\"><div class=\"wp-block-group__inner-container is-layout-flow wp-block-group-is-layout-flow\"><\/div><\/div>\n\n\n\n<hr class=\"wp-block-separator has-css-opacity is-style-wide\"\/>\n\n\n\n<div class=\"wp-block-group alignwide\"><div class=\"wp-block-group__inner-container is-layout-flow wp-block-group-is-layout-flow\">\n<div class=\"wp-block-media-text alignwide has-media-on-the-right is-stacked-on-mobile is-vertically-aligned-center\" style=\"grid-template-columns:auto 18%\"><div class=\"wp-block-media-text__content\">\n<p class=\"has-medium-font-size\"><strong>Q.C.M.<\/strong> \/  SWITZERLAND &#8211; Bern, Belp  <\/p>\n\n\n\n<p class=\"has-medium-font-size\"><strong>EASA approved MTO Part-147 Basic &amp; Type<\/strong><\/p>\n\n\n\n<p class=\"has-medium-font-size\"> In the aviation business, QCM is known as a specialist in the field of training, consultancy and aircraft technical management.<\/p>\n\n\n\n<p class=\"has-medium-font-size\"> <em><span class=\"has-inline-color has-vivid-cyan-blue-color\">Dans l&#8217;aviation, QCM est reconnu comme un sp\u00e9cialiste dans le domaine de la formation, du conseil et de la gestion de navigabilit\u00e9 d&#8217;a\u00e9ronefs.<\/span><\/em><\/p>\n\n\n\n<hr class=\"wp-block-separator has-css-opacity\"\/>\n\n\n\n<p><\/p>\n<\/div><figure class=\"wp-block-media-text__media\"><a href=\"https:\/\/www.qcm.ch\/\" target=\"_blank\" rel=\"noopener noreferrer\"><img loading=\"lazy\" decoding=\"async\" width=\"180\" height=\"180\" src=\"http:\/\/intairactions.com\/wp-content\/uploads\/2020\/04\/QCM-Design-logo-1-300x300-1-e1587042519481.jpg\" alt=\"\" class=\"wp-image-669 size-full\" srcset=\"https:\/\/intairactions.com\/wp-content\/uploads\/2020\/04\/QCM-Design-logo-1-300x300-1-e1587042519481.jpg 180w, https:\/\/intairactions.com\/wp-content\/uploads\/2020\/04\/QCM-Design-logo-1-300x300-1-e1587042519481-150x150.jpg 150w, https:\/\/intairactions.com\/wp-content\/uploads\/2020\/04\/QCM-Design-logo-1-300x300-1-e1587042519481-100x100.jpg 100w\" sizes=\"auto, (max-width: 180px) 100vw, 180px\" \/><\/a><\/figure><\/div>\n<\/div><\/div>\n\n\n\n<div class=\"wp-block-group alignwide\"><div class=\"wp-block-group__inner-container is-layout-flow wp-block-group-is-layout-flow\">\n<div class=\"wp-block-media-text alignwide has-media-on-the-right is-stacked-on-mobile http:\/\/www.actechbooks.com\/\" style=\"grid-template-columns:auto 19%\"><div class=\"wp-block-media-text__content\">\n<p class=\"has-medium-font-size\"><strong>ATBI<\/strong> \/ USA &#8211; Tabernash, Colorado <\/p>\n\n\n\n<p class=\"has-medium-font-size\"><strong>Training Material provider<\/strong><\/p>\n\n\n\n<p class=\"has-medium-font-size\">ATBI is a publisher of Aviation and Aircraft Maintenance Training Material aligned with FAA Part 147 and EASA Part 66 requirements.<\/p>\n\n\n\n<p class=\"has-medium-font-size\"><em><span class=\"has-inline-color has-vivid-cyan-blue-color\">ATBI est un \u00e9diteur de manuels p\u00e9dagogiques en maintenance a\u00e9ronautique conformes aux  exigences FAA Part 147 et EASA Part 66.<\/span><\/em><\/p>\n<\/div><figure class=\"wp-block-media-text__media\"><a href=\"http:\/\/www.actechbooks.com\/\" target=\"_blank\" rel=\"noopener noreferrer\"><img loading=\"lazy\" decoding=\"async\" width=\"230\" height=\"126\" src=\"http:\/\/intairactions.com\/wp-content\/uploads\/2020\/04\/atb-logo-large-300x164-1-e1586866186240.png\" alt=\"\" class=\"wp-image-678 size-full\"\/><\/a><\/figure><\/div>\n\n\n\n<hr class=\"wp-block-separator has-css-opacity is-style-default\"\/>\n\n\n\n<div class=\"wp-block-media-text alignwide has-media-on-the-right is-stacked-on-mobile http:\/\/www.actechbooks.com\/\" style=\"grid-template-columns:auto 18%\"><div class=\"wp-block-media-text__content\">\n<p class=\"has-medium-font-size\"><strong>NOVAE  <\/strong>\/ France &#8211; <em>Multi sites<\/em><\/p>\n\n\n\n<p class=\"has-medium-font-size\"><strong>Training &amp; Learning Solutions<\/strong><\/p>\n\n\n\n<p class=\"has-medium-font-size\">NOVAE is a benchmark player in the tailor-made Training and e-Learning market, offering its customers a comprehensive solution to support their training needs.<\/p>\n\n\n\n<p class=\"has-medium-font-size\"><span style=\"background-color:rgba(0, 0, 0, 0)\" class=\"has-inline-color has-vivid-cyan-blue-color\"><em>NOVAE  est un acteur de r\u00e9f\u00e9rence sur le march\u00e9 du Training et e-Learning sur mesure, proposant \u00e0 ses clients une solution globale d\u2019accompagnement pour r\u00e9pondre \u00e0 leurs besoins en formation.<\/em><\/span><\/p>\n\n\n\n<p><\/p>\n<\/div><figure class=\"wp-block-media-text__media\"><a href=\"https:\/\/training.novae-group.com\/fr\" target=\"_blank\" rel=\"noopener noreferrer\"><img loading=\"lazy\" decoding=\"async\" width=\"140\" height=\"140\" src=\"https:\/\/intairactions.com\/wp-content\/uploads\/2020\/04\/novae-150x150-1-e1587042475710.png\" alt=\"\" class=\"wp-image-557 size-full\" srcset=\"https:\/\/intairactions.com\/wp-content\/uploads\/2020\/04\/novae-150x150-1-e1587042475710.png 140w, https:\/\/intairactions.com\/wp-content\/uploads\/2020\/04\/novae-150x150-1-e1587042475710-100x100.png 100w\" sizes=\"auto, (max-width: 140px) 100vw, 140px\" \/><\/a><\/figure><\/div>\n\n\n\n<hr class=\"wp-block-separator has-css-opacity is-style-default\"\/>\n\n\n\n<p class=\"has-very-dark-gray-color has-text-color\" style=\"font-size:28px\"><strong>Certificates<\/strong><\/p>\n\n\n\n<div class=\"wp-block-media-text alignwide is-stacked-on-mobile\" style=\"grid-template-columns:22% auto\"><figure class=\"wp-block-media-text__media\"><a href=\"https:\/\/intairactions.com\/index.php\/partners\/logo-qualiopi-72dpi-web-56-et-note\/\" target=\"_blank\" rel=\"noopener noreferrer\"><img loading=\"lazy\" decoding=\"async\" width=\"402\" height=\"167\" src=\"https:\/\/intairactions.com\/wp-content\/uploads\/2023\/05\/Logo-Qualiopi-72dpi-Web-56-et-note.png\" alt=\"\" class=\"wp-image-1544 size-full\" srcset=\"https:\/\/intairactions.com\/wp-content\/uploads\/2023\/05\/Logo-Qualiopi-72dpi-Web-56-et-note.png 402w, https:\/\/intairactions.com\/wp-content\/uploads\/2023\/05\/Logo-Qualiopi-72dpi-Web-56-et-note-300x125.png 300w\" sizes=\"auto, (max-width: 402px) 100vw, 402px\" \/><\/a><\/figure><div class=\"wp-block-media-text__content\">\n<p class=\"has-medium-font-size\">IntAiractions is <strong>QUALIOPI <\/strong>certified by BCI FRANCE guaranteeing the processes implemented by the training organisation, provider of actions contributing to the development of skills, referred to in Article L. 6351-1 of the Labor Code. Qualiopi certification makes it possible to establish the conformity of the processes (to the <strong>National Quality Reference<\/strong> in force) mentioned in Article L. 6316-3 of the Labor Code.<\/p>\n\n\n\n<p class=\"has-medium-font-size\"><em><span class=\"has-inline-color has-vivid-cyan-blue-color\">IntAiractions est certifi\u00e9 <strong>QUALIOPI<\/strong> par BCI FRANCE garantissant les processus mis en oeuvre par l&#8217;organisme de formation, prestataire d\u2019actions concourant au d\u00e9veloppement des comp\u00e9tences, vis\u00e9s \u00e0 l\u2019article L. 6351-1 du code du travail. La certification Qualiopi  permet d\u2019\u00e9tablir la conformit\u00e9 des processus (au <strong>R\u00e9f\u00e9rentiel National Qualit\u00e9<\/strong> en vigueur) mentionn\u00e9e \u00e0 l\u2019article L. 6316-3 du code du travail.  <\/span><\/em><\/p>\n\n\n\n<p class=\"has-medium-font-size\"><a href=\"https:\/\/intairactions.com\/wp-content\/uploads\/2025\/10\/2025-Certificat_40_CW202102-1040_intairactions-mise-a-jour-07-2025.pdf\">https:\/\/intairactions.com\/wp-content\/uploads\/2025\/10\/2025-Certificat_40_CW202102-1040_intairactions-mise-a-jour-07-2025.pdf<\/a><\/p>\n<\/div><\/div>\n\n\n\n<hr class=\"wp-block-separator has-css-opacity is-style-default\"\/>\n\n\n\n<hr class=\"wp-block-separator has-css-opacity is-style-default\"\/>\n\n\n\n<div class=\"wp-block-media-text alignwide is-stacked-on-mobile\" style=\"grid-template-columns:15% auto\"><figure class=\"wp-block-media-text__media\"><img loading=\"lazy\" decoding=\"async\" width=\"325\" height=\"340\" src=\"https:\/\/intairactions.com\/wp-content\/uploads\/2020\/05\/graduate-320x340-1.jpg\" alt=\"\" class=\"wp-image-1384 size-full\" srcset=\"https:\/\/intairactions.com\/wp-content\/uploads\/2020\/05\/graduate-320x340-1.jpg 325w, https:\/\/intairactions.com\/wp-content\/uploads\/2020\/05\/graduate-320x340-1-287x300.jpg 287w\" sizes=\"auto, (max-width: 325px) 100vw, 325px\" \/><\/figure><div class=\"wp-block-media-text__content\">\n<p class=\"has-medium-font-size\">ICAO Certificate delivered for competencies in &#8220;Virtual Classroom Instruction&#8221;.<\/p>\n\n\n\n<p class=\"has-medium-font-size\"><em><span class=\"has-inline-color has-vivid-cyan-blue-color\">Certificat OACI attestant de comp\u00e9tences en \u00abEnseignement en Classe Virtuelle\u00bb.<\/span><\/em><\/p>\n<\/div><\/div>\n<\/div><\/div>\n\n\n\n<p><\/p>\n","protected":false},"excerpt":{"rendered":"<p>Partners Working together to shape the future growth of a safe and sustainable aviation maintenance industry. IntAIRactions cooperates with international actors and partners to promote the use of EASA standards in aviation maintenance. Q.C.M. \/ SWITZERLAND &#8211; Bern, Belp EASA<\/p>\n","protected":false},"author":1,"featured_media":0,"parent":0,"menu_order":0,"comment_status":"closed","ping_status":"closed","template":"","meta":{"footnotes":""},"class_list":["post-106","page","type-page","status-publish","hentry","","tg-column-two"],"_links":{"self":[{"href":"https:\/\/intairactions.com\/index.php\/wp-json\/wp\/v2\/pages\/106","targetHints":{"allow":["GET"]}}],"collection":[{"href":"https:\/\/intairactions.com\/index.php\/wp-json\/wp\/v2\/pages"}],"about":[{"href":"https:\/\/intairactions.com\/index.php\/wp-json\/wp\/v2\/types\/page"}],"author":[{"embeddable":true,"href":"https:\/\/intairactions.com\/index.php\/wp-json\/wp\/v2\/users\/1"}],"replies":[{"embeddable":true,"href":"https:\/\/intairactions.com\/index.php\/wp-json\/wp\/v2\/comments?post=106"}],"version-history":[{"count":61,"href":"https:\/\/intairactions.com\/index.php\/wp-json\/wp\/v2\/pages\/106\/revisions"}],"predecessor-version":[{"id":1581,"href":"https:\/\/intairactions.com\/index.php\/wp-json\/wp\/v2\/pages\/106\/revisions\/1581"}],"wp:attachment":[{"href":"https:\/\/intairactions.com\/index.php\/wp-json\/wp\/v2\/media?parent=106"}],"curies":[{"name":"wp","href":"https:\/\/api.w.org\/{rel}","templated":true}]}}